 a(l) = s*v(l) - 7*j(l). Calculate a(3).
-5
Suppose 86*c = -86*c + 179*c - 14. Let v(l) be the first derivative of 7/2*l**c - 24 - 7*l + 1/3*l**3. Determine v(-5).
-17
Let g(d) = 29*d - 35. Let h = 42648 - 42644. Give g(h).
81
Let q(a) be the third derivative of a**6/120 + a**5/15 - 11*a**4/12 + a**3 + 153*a**2. Give q(-7).
13
Let d(f) be the first derivative of 11*f**2/2 - 31. Let v(i) = -i**3 - 14*i**2 - 2. Let x be v(-14). Give d(x).
-22
Let o(x) be the first derivative of x**4/12 - 13*x**3/6 - x**2 - 4*x - 306. Let h(k) be the second derivative of o(k). What is h(12)?
11
Let r(p) be the second derivative of -p**2/2 + 14*p - 3. Let o(d) be the first derivative of d**3/3 + 3*d**2 - 2. Let z(i) = -o(i) + 4*r(i). What is z(-3)?
5
Let l(i) be the third derivative of -i**6/40 - i**5/20 - i**4/6 - 4*i**3/3 + 651*i**2 - 4*i + 1. Calculate l(-3).
58
Let d(g) = -6*g + 20. Let k be d(0). Let a = k - 19. Let u(n) = -24*n**2 + n. Calculate u(a).
-23
Suppose -2*q - 3*q - 5*v - 365 = 0, -v = 2*q + 145. Let n be (-6 - 0)*84/q. Let k(m) = -3*m + 4. Determine k(n).
-17
Suppose -2*d + 132 = t - 5*d, -5*t = -d - 702. Let w = t - 137. Let u(s) = s**3 - 3*s**2 - 5*s + 6. Give u(w).
2
Let n(z) be the third derivative of -z**5/60 + 2*z**4/3 - 8*z**3/3 + 12*z**2. Let h be n(12). Let d = 34 - h. Let v(j) = -j**3 + j**2 + 2*j + 1. Determine v(d).
1
Let a(u) = -2*u**3 - 3*u**2 - u. Let z(p) = p**3 + p**2 - 24*p - 4. Let i be z(-5). Suppose 0 = 33*k + i + 50. Calculate a(k).
6
Let n(c) = 28*c**3 + 5*c**2 + 22*c + 8. Let k(v) = 39*v**3 + 7*v**2 + 32*v + 12. Let l(a) = 5*k(a) - 7*n(a). Give l(-3).
13
Let g = -399 + 411. Let d(q) = -7*q + 3*q + 7 - 8 - g*q. Suppose -i - 5*l = -4 - 0, -i + 2 = 3*l. Calculate d(i).
15
Let s(z) = -2933 - 2933 + z - 2*z + 5873. Suppose 0 = 6*m - m - 50. Let t = m - 4. Determine s(t).
1
Let p(b) = -3*b + 238. Let x(y) = -14*y + 1309. Let j(k) = -28*p(k) + 5*x(k). Give j(9).
7
Let w(c) be the first derivative of -c**2 + 4. Suppose -33*g - 63 = -30*g. Let h(s) = -3*s - 60. Let a be h(g). Determine w(a).
-6
Let b(s) be the third derivative of s**4/8 - 97*s**3/6 - 1848*s**2. Calculate b(0).
-97
Let m(t) = 9*t**2 + 58*t + 26. Let v be m(-6). Let u(b) = 4*b**3 - 5*b**2 + 5*b - 2. Give u(v).
20
Let h(t) = -7*t**3 - 67*t**2 + 19*t - 46. Let q(x) = -15*x**3 - 144*x**2 + 39*x - 94. Let w(u) = -13*h(u) + 6*q(u). What is w(-9)?
-11
Let a(l) be the second derivative of 3*l**5/20 - 5*l**3/6 - 5*l**2/2 + 7*l - 11. Determine a(-2).
-19
Suppose -34 = -14*g - 3*g. Let t(m) = 11*m + 12*m**g + m**3 + 14*m**2 - 31*m**2 + 16*m**2 + 3. Determine t(-10).
-7
Let i(w) = -2*w**2 + w - 2. Let b = -75 + 25. Let y = b + 44. Let v be (-6 - y) + (4 - 2/2). What is i(v)?
-17
Let d(k) = 11*k - 16*k + 6*k - 16. Let b(z) = -4*z + 63. Let i(r) = -2*b(r) - 9*d(r). Give i(14).
4
Let p(s) = -s + 19. Let q be p(6). Let c(a) = -a**2 + 12*a + 15. Let m be c(q). Let j(g) = 21*g**m + 5 - 2*g - 26*g**2 - g**3 + 4*g. Calculate j(-5).
-5
Suppose n - 17 + 12 = 0. Suppose n*f + 5 = 15. Suppose -f*b + 6 = -6. Let t(a) = -a**2 + 7*a - 6. Determine t(b).
0
Let h(p) = 4*p**2 - p - 2. Let j(y) = 13*y**2 - 7*y + 44. Let w(n) = -3*h(n) + j(n). Calculate w(0).
50
Let g(d) = -2*d - 3. Suppose w - 6*c - 6 = -2*c, -3*w - 3*c = 57. Let u(p) = 9*p**2 + 12*p - 32 + 10*p**2 - 18*p**2. Let f be u(w). What is g(f)?
5
Suppose 2 = -u - u. Let r(t) be the third derivative of 7*t**6/120 + t**5/60 - t**4/24 - t**3/6 - 33*t**2 - 9*t - 4. What is r(u)?
-6
Suppose 166*j + 656*j = -5754. Let a(o) = 3*o**3 + 29*o**2 - 3*o - 6. Let q(r) = -r**3 - 10*r**2 + r + 2. Let h(y) = 3*a(y) + 8*q(y). Determine h(j).
5
Let d(j) be the first derivative of j**3 - j**2/2 - 7*j + 1221. Give d(2).
3
Let x(p) be the third derivative of p**4/12 + 13*p**3/6 - p**2. Let j be (-1200)/140 - 42/98. Determine x(j).
-5
Let m(b) be the first derivative of b**4/4 - b**3 - 3*b**2 + 4*b + 3. Let j be m(4). Let q(u) = u + 0*u - 3*u + 12312*u**2 - 2 - 12313*u**2. Calculate q(j).
-10
Suppose 20 = 19*n - 14*n. Suppose -n*a - 6 = -a. Let y(i) = 3*i**2 - 1. Give y(a).
11
Let n(s) be the first derivative of -s**4/12 + s**3/3 + 3*s**2/2 + 4*s - 7. Let r(h) be the second derivative of n(h). Let z be 3 - (-1)/3*0. Determine r(z).
-4
Let a(r) = -5*r**2 + 4*r + 3. Let h(d) = -16*d + 120. Let y be h(7). Let s be 3/(y/16*-3). Determine a(s).
-25
Suppose -5*x + 0*l = l - 90, 0 = 3*x + 3*l - 42. Suppose x*o - 171 = 10*o. Let s(r) = o*r**3 + 2*r - 12*r**3 - r**2 - 1 - 8*r**3. Give s(-2).
-1
Let v(d) be the third derivative of -d**5/60 - 2*d**3/3 + d**2. Suppose -126*w + 449 = 264*w - 103*w - 125. Determine v(w).
-8
Suppose -5*w - 2 + 17 = 0. Let t(f) = 3 + 4 - 2*f + w*f. Suppose 17*x + 2589 - 1351 - 1357 = 0. What is t(x)?
14
Suppose -20 = -4*r, 3*r = -c + 4*c + 33. Let b(n) = 5*n + 874. Let l(i) = 6*i + 1092. Let a(x) = 5*b(x) - 4*l(x). Give a(c).
-4
Let b(d) = -d**2 + d - 1. Let p(x) = 2*x**2 - 6*x - 6. Let a be p(-3). Suppose 0 = -6*h + h - a. Let j(w) = -w**2 - 9*w - 15. Let q be j(h). Calculate b(q).
-7
Let j(w) = 16*w - 1. Let q(k) = -6 + 3 - 29*k - 1 - 1 + 8. Let h(s) = -5*j(s) - 3*q(s). Calculate h(-5).
-39
Let y(a) be the third derivative of a**2 - 1/120*a**6 + 1/5*a**5 - 1/24*a**4 + 0 - 58*a + 5/2*a**3. Calculate y(12).
3
Let a(y) = -3*y**2 - 7*y + 1. Let w(q) = -q**2 - q + 1. Let o(h) = a(h) - 2*w(h). Let m = 410 - 354. Suppose 6*r = -86 + m. Calculate o(r).
-1
Let h = -271 - -273. Suppose -16 = 2*j + h*p - 6, -5*p + 10 = 0. Let o(d) = -3*d - 4. Determine o(j).
17
Suppose -10*s + 45 - 5 = 0. Suppose -s*z - 18 = k, -3*z - 1 = -k + 16. Let y(a) = -a**2 - 3*a**k + 14 + 0*a**2 - 12. What is y(2)?
-14
Let r = 2216 - 2220. Let c(t) = -2*t**2 - 5*t - 5. Calculate c(r).
-17
Let v(c) = 6*c + 27. Let m be 14 + -14 - (-1)/(1 - 2). Let p(d) = d. Let l(j) = m*v(j) + 3*p(j). Let g(a) = -a - 9. Let f(k) = 17*g(k) - 6*l(k). Give f(-4).
5
Let x(b) be the first derivative of -b**3/3 + 9*b**2/2 + b - 3. Suppose 166*t - 73 = -95*t + 1754. Calculate x(t).
15
Let k(u) = -2*u**2 + 11. Let x(p) = -p + 1. Let q(a) = k(a) - x(a). Let m(l) = l**2 + l - 1. Let j(b) = -3*m(b) - q(b). Give j(-7).
-28
Suppose 92 = -3*f + 2*f + 4*i, 3*f + 4*i + 276 = 0. Let s = -88 - f. Let y(n) = n**3 - 6*n**2 + 2*n + 2. Determine y(s).
-22
Suppose -49*g + 5 = 69 + 83. Let q(r) = 3*r**2 - 3*r - 2. What is q(g)?
34
Let u = 1 - 4. Let w(b) be the first derivative of b**3 - 3*b**2/2 + b + 37574. Give w(u).
37
Let r(d) = -d**3 + 5*d**2 - 4*d - 1. Let v be r(4). Let k(m) be the first derivative of -17 - 5/2*m**2 + m. What is k(v)?
6
Let n(z) = -955*z - 1 + 959*z + 0*z**2 + 7 - z**2. Let q(t) = -2*t + 2. Let v be q(3). Determine n(v).
-26
Let u(f) be the second derivative of f**4/24 - 7*f**3/6 + 16*f**2 + 45*f. Let g(w) be the first derivative of u(w). What is g(5)?
-2
Let m(v) = 15*v + 58. Let d be m(12). Let q = d - 251. Let a(j) = -j**3 - 13*j**2 + j + 8. What is a(q)?
-5
Let v(l) be the first derivative of l**4/4 + 11*l**3/3 + 3*l**2 + 10*l - 29. What is v(-10)?
50
Let h(s) = -s**2 - 2*s - 8. Let p be 6/2 + 2/(-3)*279/62. Determine h(p).
-8
Let l(f) = -f**3 - 7*f**2 - 5*f + 20. Let s be 1914/(-319) - 1/((-1)/2). Determine l(s).
-8
Let m(b) = 5*b**2 - b - 2. Let g be m(-1). Let h(z) = -2*z**2 + 6*z**3 + 3*z - 13*z**3 - g*z. Let u(n) = -n**2 + 13*n + 197. Let l be u(22). Calculate h(l).
6
Let s = 98 + -93. Suppose s*n - 18 = 8*n. Let g(k) be the third derivative of -k**5/60 - 7*k**4/24 - 4*k**3/3 + 2*k**2. Give g(n).
-2
Let q(a) be the second derivative of a**4/12 + 2*a**2 + 10034*a. Suppose 5*p = -5*k + 15 + 10, k - 20 = -4*p. What is q(k)?
4
Let o = -11782 + 11833. Let b(n) = -4*n + 202. Give b(o).
-2
Let t(g) = g**3 - 4*g**2 + 7. Let r = -25028 - -25028. Calculate t(r).
7
Suppose 18*a - 176 = -86. Let h(x) = 40*x - 15. Give h(a).
185
Let d(c) = c**2 + 13*c + 7. Suppose -x - 5*a = 37, -157 = 5*x + 2*a - 5*a. Let r = x + 20. What is d(r)?
-5
Let r = 2025 + -2033. Let s(a) = a**3 + 8*a**2 + a + 1. What is s(r)?
-7
Let p(i) be the first derivative of i**2/2 - 4*i + 1. Let a(h) = 9983*h + 149756. Let x be a(-15). Determine p(x).
7
Suppose -81 - 324 = -5*z - u, -3*u = 0. Let k = 85 - z. Let g(r) = 2*r**2 + r + 2. What is g(k)?
38
Suppose -u - 4*u + 10 = 2*w, -3*u = w - 7. Let h(x) = -7*x + 7. Let m(b) 